{"id":5,"date":"2021-07-24T18:05:19","date_gmt":"2021-07-24T18:05:19","guid":{"rendered":"http:\/\/www.wtechnika.pl\/?page_id=5"},"modified":"2022-09-27T19:04:04","modified_gmt":"2022-09-27T19:04:04","slug":"serwis_maszyn","status":"publish","type":"page","link":"https:\/\/www.wtechnika.pl\/","title":{"rendered":"SERWIS MASZYN ROLNICZYCH ORAZ US\u0141UGI ROLNICZE"},"content":{"rendered":"\n<div class=\"wp-block-cover alignfull is-light\"><span aria-hidden=\"true\" class=\"wp-block-cover__gradient-background has-background-dim\"><\/span><img loading=\"lazy\" width=\"1024\" height=\"454\" class=\"wp-block-cover__image-background wp-image-59\" alt=\"\" src=\"https:\/\/www.wtechnika.pl\/wp-content\/uploads\/2022\/02\/pexels-kaboompics-com-5980-1024x454.jpg\" data-object-fit=\"cover\" srcset=\"https:\/\/www.wtechnika.pl\/wp-content\/uploads\/2022\/02\/pexels-kaboompics-com-5980-1024x454.jpg 1024w, https:\/\/www.wtechnika.pl\/wp-content\/uploads\/2022\/02\/pexels-kaboompics-com-5980-300x133.jpg 300w, https:\/\/www.wtechnika.pl\/wp-content\/uploads\/2022\/02\/pexels-kaboompics-com-5980-768x340.jpg 768w, https:\/\/www.wtechnika.pl\/wp-content\/uploads\/2022\/02\/pexels-kaboompics-com-5980-1536x680.jpg 1536w, https:\/\/www.wtechnika.pl\/wp-content\/uploads\/2022\/02\/pexels-kaboompics-com-5980-2048x907.jpg 2048w\" sizes=\"(max-width: 1024px) 100vw, 1024px\" \/><div class=\"wp-block-cover__inner-container\">\n<p>                           <strong><mark style=\"background-color:rgba(0, 0, 0, 0);color:#c0c0c0\" class=\"has-inline-color\"> <\/mark><mark style=\"background-color: rgba(0, 0, 0, 0);\" class=\"has-inline-color has-nv-site-bg-color\"><font size=\"6\"><b> SERWIS MASZYN ROLNICZYCH<\/b><\/font><\/mark><\/strong><\/p>\n\n\n\n<p><\/p>\n\n\n\n<p><\/p>\n\n\n\n<p class=\"has-text-align-center\"><\/p>\n<\/div><\/div>\n\n\n\n<p><strong><mark style=\"background-color:var(--nv-c-2)\" class=\"has-inline-color has-nv-dark-bg-color\">STRONA W BUDOWIE<\/mark><\/strong><\/p>\n\n\n\n<p><mark style=\"background-color:rgba(0, 0, 0, 0)\" class=\"has-inline-color has-nv-light-bg-color\">TAG: CLAAS FENDT JOHN DEERE NEW HOLLAND CASE LUBELSKIE CHE\u0141M KRASNYSTAW W\u0141ODAWA HRUBIESZ\u00d3W ZAMO\u015a\u0106 PIASKI \u015aWIDNIK US\u0141UGI ROLNICZE KOSZENIE KOMBAJN CI\u0104GNIK MASZYNY PRASA OPRYSKIWACZ NAPRAWA SERWIS KLIMATYZACJA ELEKTRONIKA ELEKTRYKA STEROWNIK DIAGNOSTYKA<\/mark><\/p>\n","protected":false},"excerpt":{"rendered":"<p>STRONA W BUDOWIE TAG: CLAAS FENDT JOHN DEERE NEW HOLLAND CASE LUBELSKIE CHE\u0141M KRASNYSTAW W\u0141ODAWA HRUBIESZ\u00d3W ZAMO\u015a\u0106 PIASKI \u015aWIDNIK US\u0141UGI ROLNICZE KOSZENIE KOMBAJN CI\u0104GNIK MASZYNY PRASA OPRYSKIWACZ NAPRAWA SERWIS KLIMATYZACJA ELEKTRONIKA ELEKTRYKA STEROWNIK DIAGNOSTYKA<\/p>\n","protected":false},"author":1,"featured_media":0,"parent":0,"menu_order":0,"comment_status":"closed","ping_status":"closed","template":"page-templates\/template-pagebuilder-full-width.php","meta":{"neve_meta_sidebar":"","neve_meta_container":"","neve_meta_enable_content_width":"","neve_meta_content_width":0,"neve_meta_title_alignment":"","neve_meta_author_avatar":"","neve_post_elements_order":"","neve_meta_disable_header":"","neve_meta_disable_footer":"","neve_meta_disable_title":""},"_links":{"self":[{"href":"https:\/\/www.wtechnika.pl\/index.php\/wp-json\/wp\/v2\/pages\/5"}],"collection":[{"href":"https:\/\/www.wtechnika.pl\/index.php\/wp-json\/wp\/v2\/pages"}],"about":[{"href":"https:\/\/www.wtechnika.pl\/index.php\/wp-json\/wp\/v2\/types\/page"}],"author":[{"embeddable":true,"href":"https:\/\/www.wtechnika.pl\/index.php\/wp-json\/wp\/v2\/users\/1"}],"replies":[{"embeddable":true,"href":"https:\/\/www.wtechnika.pl\/index.php\/wp-json\/wp\/v2\/comments?post=5"}],"version-history":[{"count":18,"href":"https:\/\/www.wtechnika.pl\/index.php\/wp-json\/wp\/v2\/pages\/5\/revisions"}],"predecessor-version":[{"id":83,"href":"https:\/\/www.wtechnika.pl\/index.php\/wp-json\/wp\/v2\/pages\/5\/revisions\/83"}],"wp:attachment":[{"href":"https:\/\/www.wtechnika.pl\/index.php\/wp-json\/wp\/v2\/media?parent=5"}],"curies":[{"name":"wp","href":"https:\/\/api.w.org\/{rel}","templated":true}]}}